{"id":5182,"date":"2019-01-05T18:10:31","date_gmt":"2019-01-05T17:10:31","guid":{"rendered":"https:\/\/gymnasium-mariengarden.de\/?page_id=5182"},"modified":"2023-10-25T08:51:35","modified_gmt":"2023-10-25T06:51:35","slug":"vertretungsplan-beta","status":"publish","type":"page","link":"https:\/\/www.gymnasium-mariengarden.de\/wordpress\/vertretungsplan-beta\/","title":{"rendered":"Vertretungsplan"},"content":{"rendered":"\n<style> table {max-width: -moz-min-content;max-width: -webkit-min-content;margin: auto;border-spacing: 0;border-collapse: collapse;border-width: 1px 0 0 1px;} .entry-title {text-align: center;} table,th,td {border: 1px solid rgba(0, 0, 0, 0.1);} td, th {border-width: 0 1px 1px 0;} tr {height: 40pt;border: 0;} .hentry,.entry-content {max-width: inherit !important;\n} .comments-area {margin: auto;} .head {padding: 0px;font-size: 1.1em;font-weight: 700;font-style: normal;text-decoration: none;text-align: center;vertical-align: middle;background: white;white-space: nowrap;color: #d21720;} .general {min-width: 5em;font-size: 0.9em;font-style: normal;text-decoration: none;vertical-align: middle;white-space: nowrap;} .hour {font-size: 1.1em;font-weight: 700;font-style: normal;text-decoration: none;text-align: center;vertical-align: middle;background: white;white-space: nowrap;} article header {display: none;}<\/style>\n\n\n\n<p class=\"has-text-align-center\"><a rel=\"noreferrer noopener\" href=\"\/vertretungsplan\/\" target=\"_blank\">Hier geht es zur alten Version.<\/a><\/p>\n\n\n\n<div id=\"VPlan_Container\">Diese Seite wird vom Internet Explorer nicht unterst\u00fctzt! Bitte nutzen Sie einen anderen Browser oder nutzen Sie den alten Vertretungsplan. Au\u00dferdem muss f\u00fcr diese Seite JavaScript aktiviert sein. Wenn Sie JavaScript nicht aktivieren m\u00f6chten, weichen Sie bitte ebenfalls auf die alte Version aus.<\/div>\n\n\n\n<script src=\"\/vertretungsplan\/VPlan_JS\/VPlan-tsch.js\"><\/script>\n\n\n\n<iframe loading=\"lazy\" id=\"plan\" src=\"https:\/\/www.gymnasium-mariengarden.de\/vertretungsplan\/monitore\/custom.html\" scrolling=\"\" width=\"90%\" height=\"1000\" frameborder=\"0\" style=\" margin-top: 30px; margin-right: 30px;\"allowfullscreen> <\/iframe>\n","protected":false},"excerpt":{"rendered":"<p>Hier geht es zur alten Version. Diese Seite wird vom Internet Explorer nicht unterst\u00fctzt! Bitte nutzen Sie einen anderen Browser oder nutzen Sie den alten Vertretungsplan. Au\u00dferdem muss f\u00fcr diese Seite JavaScript aktiviert sein. Wenn Sie JavaScript nicht aktivieren m\u00f6chten, weichen Sie bitte ebenfalls auf die alte Version aus.<\/p>\n","protected":false},"author":9,"featured_media":0,"parent":0,"menu_order":0,"comment_status":"open","ping_status":"open","template":"","meta":{"footnotes":""},"class_list":["post-5182","page","type-page","status-publish","hentry"],"yoast_head":"<!-- This site is optimized with the Yoast SEO plugin v27.3 - https:\/\/yoast.com\/product\/yoast-seo-wordpress\/ -->\n<title>Vertretungsplan - Gymnasium Mariengarden<\/title>\n<meta name=\"description\" content=\"Privates Gymnasium der Oblatenmissionare\" \/>\n<meta name=\"robots\" content=\"index, follow, max-snippet:-1, max-image-preview:large, max-video-preview:-1\" \/>\n<link rel=\"canonical\" href=\"https:\/\/www.gymnasium-mariengarden.de\/wordpress\/vertretungsplan-beta\/\" \/>\n<meta property=\"og:locale\" content=\"de_DE\" \/>\n<meta property=\"og:type\" content=\"article\" \/>\n<meta property=\"og:title\" content=\"Vertretungsplan - Gymnasium Mariengarden\" \/>\n<meta property=\"og:description\" content=\"Privates Gymnasium der Oblatenmissionare\" \/>\n<meta property=\"og:url\" content=\"https:\/\/www.gymnasium-mariengarden.de\/wordpress\/vertretungsplan-beta\/\" \/>\n<meta property=\"og:site_name\" content=\"Gymnasium Mariengarden\" \/>\n<meta property=\"article:publisher\" content=\"https:\/\/www.facebook.com\/groups\/38812342437\/?locale=de_DE\" \/>\n<meta property=\"article:modified_time\" content=\"2023-10-25T06:51:35+00:00\" \/>\n<meta name=\"twitter:card\" content=\"summary_large_image\" \/>\n<script type=\"application\/ld+json\" class=\"yoast-schema-graph\">{\"@context\":\"https:\\\/\\\/schema.org\",\"@graph\":[{\"@type\":\"WebPage\",\"@id\":\"https:\\\/\\\/www.gymnasium-mariengarden.de\\\/wordpress\\\/vertretungsplan-beta\\\/\",\"url\":\"https:\\\/\\\/www.gymnasium-mariengarden.de\\\/wordpress\\\/vertretungsplan-beta\\\/\",\"name\":\"Vertretungsplan - Gymnasium Mariengarden\",\"isPartOf\":{\"@id\":\"https:\\\/\\\/www.gymnasium-mariengarden.de\\\/wordpress\\\/#website\"},\"datePublished\":\"2019-01-05T17:10:31+00:00\",\"dateModified\":\"2023-10-25T06:51:35+00:00\",\"description\":\"Privates Gymnasium der Oblatenmissionare\",\"breadcrumb\":{\"@id\":\"https:\\\/\\\/www.gymnasium-mariengarden.de\\\/wordpress\\\/vertretungsplan-beta\\\/#breadcrumb\"},\"inLanguage\":\"de\",\"potentialAction\":[{\"@type\":\"ReadAction\",\"target\":[\"https:\\\/\\\/www.gymnasium-mariengarden.de\\\/wordpress\\\/vertretungsplan-beta\\\/\"]}]},{\"@type\":\"BreadcrumbList\",\"@id\":\"https:\\\/\\\/www.gymnasium-mariengarden.de\\\/wordpress\\\/vertretungsplan-beta\\\/#breadcrumb\",\"itemListElement\":[{\"@type\":\"ListItem\",\"position\":1,\"name\":\"Startseite\",\"item\":\"https:\\\/\\\/www.gymnasium-mariengarden.de\\\/wordpress\\\/\"},{\"@type\":\"ListItem\",\"position\":2,\"name\":\"Vertretungsplan\"}]},{\"@type\":\"WebSite\",\"@id\":\"https:\\\/\\\/www.gymnasium-mariengarden.de\\\/wordpress\\\/#website\",\"url\":\"https:\\\/\\\/www.gymnasium-mariengarden.de\\\/wordpress\\\/\",\"name\":\"Gymnasium Mariengarden\",\"description\":\"Privates Gymnasium der Oblatenmissionare\",\"alternateName\":\"Gymnasium Mariengarden Borken-Burlo\",\"potentialAction\":[{\"@type\":\"SearchAction\",\"target\":{\"@type\":\"EntryPoint\",\"urlTemplate\":\"https:\\\/\\\/www.gymnasium-mariengarden.de\\\/wordpress\\\/?s={search_term_string}\"},\"query-input\":{\"@type\":\"PropertyValueSpecification\",\"valueRequired\":true,\"valueName\":\"search_term_string\"}}],\"inLanguage\":\"de\"}]}<\/script>\n<!-- \/ Yoast SEO plugin. -->","yoast_head_json":{"title":"Vertretungsplan - Gymnasium Mariengarden","description":"Privates Gymnasium der Oblatenmissionare","robots":{"index":"index","follow":"follow","max-snippet":"max-snippet:-1","max-image-preview":"max-image-preview:large","max-video-preview":"max-video-preview:-1"},"canonical":"https:\/\/www.gymnasium-mariengarden.de\/wordpress\/vertretungsplan-beta\/","og_locale":"de_DE","og_type":"article","og_title":"Vertretungsplan - Gymnasium Mariengarden","og_description":"Privates Gymnasium der Oblatenmissionare","og_url":"https:\/\/www.gymnasium-mariengarden.de\/wordpress\/vertretungsplan-beta\/","og_site_name":"Gymnasium Mariengarden","article_publisher":"https:\/\/www.facebook.com\/groups\/38812342437\/?locale=de_DE","article_modified_time":"2023-10-25T06:51:35+00:00","twitter_card":"summary_large_image","schema":{"@context":"https:\/\/schema.org","@graph":[{"@type":"WebPage","@id":"https:\/\/www.gymnasium-mariengarden.de\/wordpress\/vertretungsplan-beta\/","url":"https:\/\/www.gymnasium-mariengarden.de\/wordpress\/vertretungsplan-beta\/","name":"Vertretungsplan - Gymnasium Mariengarden","isPartOf":{"@id":"https:\/\/www.gymnasium-mariengarden.de\/wordpress\/#website"},"datePublished":"2019-01-05T17:10:31+00:00","dateModified":"2023-10-25T06:51:35+00:00","description":"Privates Gymnasium der Oblatenmissionare","breadcrumb":{"@id":"https:\/\/www.gymnasium-mariengarden.de\/wordpress\/vertretungsplan-beta\/#breadcrumb"},"inLanguage":"de","potentialAction":[{"@type":"ReadAction","target":["https:\/\/www.gymnasium-mariengarden.de\/wordpress\/vertretungsplan-beta\/"]}]},{"@type":"BreadcrumbList","@id":"https:\/\/www.gymnasium-mariengarden.de\/wordpress\/vertretungsplan-beta\/#breadcrumb","itemListElement":[{"@type":"ListItem","position":1,"name":"Startseite","item":"https:\/\/www.gymnasium-mariengarden.de\/wordpress\/"},{"@type":"ListItem","position":2,"name":"Vertretungsplan"}]},{"@type":"WebSite","@id":"https:\/\/www.gymnasium-mariengarden.de\/wordpress\/#website","url":"https:\/\/www.gymnasium-mariengarden.de\/wordpress\/","name":"Gymnasium Mariengarden","description":"Privates Gymnasium der Oblatenmissionare","alternateName":"Gymnasium Mariengarden Borken-Burlo","potentialAction":[{"@type":"SearchAction","target":{"@type":"EntryPoint","urlTemplate":"https:\/\/www.gymnasium-mariengarden.de\/wordpress\/?s={search_term_string}"},"query-input":{"@type":"PropertyValueSpecification","valueRequired":true,"valueName":"search_term_string"}}],"inLanguage":"de"}]}},"_links":{"self":[{"href":"https:\/\/www.gymnasium-mariengarden.de\/wordpress\/wp-json\/wp\/v2\/pages\/5182","targetHints":{"allow":["GET"]}}],"collection":[{"href":"https:\/\/www.gymnasium-mariengarden.de\/wordpress\/wp-json\/wp\/v2\/pages"}],"about":[{"href":"https:\/\/www.gymnasium-mariengarden.de\/wordpress\/wp-json\/wp\/v2\/types\/page"}],"author":[{"embeddable":true,"href":"https:\/\/www.gymnasium-mariengarden.de\/wordpress\/wp-json\/wp\/v2\/users\/9"}],"replies":[{"embeddable":true,"href":"https:\/\/www.gymnasium-mariengarden.de\/wordpress\/wp-json\/wp\/v2\/comments?post=5182"}],"version-history":[{"count":5,"href":"https:\/\/www.gymnasium-mariengarden.de\/wordpress\/wp-json\/wp\/v2\/pages\/5182\/revisions"}],"predecessor-version":[{"id":15090,"href":"https:\/\/www.gymnasium-mariengarden.de\/wordpress\/wp-json\/wp\/v2\/pages\/5182\/revisions\/15090"}],"wp:attachment":[{"href":"https:\/\/www.gymnasium-mariengarden.de\/wordpress\/wp-json\/wp\/v2\/media?parent=5182"}],"curies":[{"name":"wp","href":"https:\/\/api.w.org\/{rel}","templated":true}]}}