{"id":16097,"date":"2024-11-21T13:38:29","date_gmt":"2024-11-21T12:38:29","guid":{"rendered":"https:\/\/www.gymnasium-mariengarden.de\/wordpress\/?page_id=16097"},"modified":"2024-11-21T13:38:30","modified_gmt":"2024-11-21T12:38:30","slug":"sprachliches-profil","status":"publish","type":"page","link":"https:\/\/www.gymnasium-mariengarden.de\/wordpress\/sprachliches-profil\/","title":{"rendered":"Sprachliches Profil"},"content":{"rendered":"\n<p><\/p>\n\n\n\n<p>Das Gymnasium Mariengarden verfolgt ein ganzheitliches sprachliches Bildungskonzept, das die Sch\u00fcler:innen dazu bef\u00e4higt, sich sicher und kompetent in einer zunehmend vernetzten und globalisierten Welt zu bewegen. Durch eine breit aufgestellte Fremdsprachenfolge und gezielte Zusatzangebote werden umfassende Kommunikationsf\u00e4higkeiten sowie interkulturelle Kompetenzen vermittelt. Dabei stehen nicht nur das Erlernen der Sprache an sich, sondern auch die praktische Anwendung und das Verst\u00e4ndnis f\u00fcr kulturelle Unterschiede im Vordergrund.<\/p>\n\n\n\n<p>Unser sprachliches Profil bietet den Sch\u00fcler:innen &nbsp;eine fundierte und abwechslungsreiche Ausbildung in verschiedenen Fremdsprachen. Die Sprachenfolge erm\u00f6glicht den Lernenden eine strukturierte Sprachausbildung, die je nach Jahrgangsstufe und Wahlm\u00f6glichkeiten um weitere Fremdsprachen erweitert werden kann. Erg\u00e4nzend dazu bieten wir die M\u00f6glichkeit, an anerkannten Sprachzertifikaten teilzunehmen, die internationale Qualifikationen und berufliche Vorteile bringen.<\/p>\n\n\n\n<figure class=\"wp-block-image size-full\"><img loading=\"lazy\" decoding=\"async\" width=\"898\" height=\"551\" src=\"https:\/\/www.gymnasium-mariengarden.de\/wordpress\/wp-content\/uploads\/2024\/11\/3.png\" alt=\"\" class=\"wp-image-16099\" srcset=\"https:\/\/www.gymnasium-mariengarden.de\/wordpress\/wp-content\/uploads\/2024\/11\/3.png 898w, https:\/\/www.gymnasium-mariengarden.de\/wordpress\/wp-content\/uploads\/2024\/11\/3-300x184.png 300w, https:\/\/www.gymnasium-mariengarden.de\/wordpress\/wp-content\/uploads\/2024\/11\/3-768x471.png 768w\" sizes=\"auto, (max-width: 898px) 100vw, 898px\" \/><\/figure>\n\n\n\n<p>Besondere Highlights unseres Programms sind die Fahrten, Sch\u00fcleraustausche und Auslandsaufenthalte, die es den Sch\u00fcler:innen erm\u00f6glichen, ihre Sprachkenntnisse in authentischen Situationen anzuwenden und fremde Kulturen hautnah zu erleben. Schlie\u00dflich f\u00f6rdert die Teilnahme an verschiedenen Sprachwettbewerben die Freude und das Engagement am Sprachenlernen und gibt talentierten Sch\u00fcler:innen die Chance, ihre F\u00e4higkeiten unter Beweis zu stellen.<\/p>\n","protected":false},"excerpt":{"rendered":"<p>Das Gymnasium Mariengarden verfolgt ein ganzheitliches sprachliches Bildungskonzept, das die Sch\u00fcler:innen dazu bef\u00e4higt, sich sicher und kompetent in einer zunehmend vernetzten und globalisierten Welt zu bewegen. Durch eine breit aufgestellte Fremdsprachenfolge und gezielte Zusatzangebote werden umfassende Kommunikationsf\u00e4higkeiten sowie interkulturelle Kompetenzen vermittelt. Dabei stehen nicht nur das Erlernen der Sprache an sich, sondern auch die praktische &hellip; <a href=\"https:\/\/www.gymnasium-mariengarden.de\/wordpress\/sprachliches-profil\/\" class=\"more-link\"><span class=\"screen-reader-text\">Sprachliches Profil<\/span> weiterlesen <span class=\"meta-nav\">&rarr;<\/span><\/a><\/p>\n","protected":false},"author":21,"featured_media":0,"parent":0,"menu_order":0,"comment_status":"closed","ping_status":"closed","template":"","meta":{"footnotes":""},"class_list":["post-16097","page","type-page","status-publish","hentry"],"yoast_head":"<!-- This site is optimized with the Yoast SEO plugin v27.3 - https:\/\/yoast.com\/product\/yoast-seo-wordpress\/ -->\n<title>Sprachliches Profil - Gymnasium Mariengarden<\/title>\n<meta name=\"description\" content=\"Privates Gymnasium der Oblatenmissionare\" \/>\n<meta name=\"robots\" content=\"index, follow, max-snippet:-1, max-image-preview:large, max-video-preview:-1\" \/>\n<link rel=\"canonical\" href=\"https:\/\/www.gymnasium-mariengarden.de\/wordpress\/sprachliches-profil\/\" \/>\n<meta property=\"og:locale\" content=\"de_DE\" \/>\n<meta property=\"og:type\" content=\"article\" \/>\n<meta property=\"og:title\" content=\"Sprachliches Profil - Gymnasium Mariengarden\" \/>\n<meta property=\"og:description\" content=\"Privates Gymnasium der Oblatenmissionare\" \/>\n<meta property=\"og:url\" content=\"https:\/\/www.gymnasium-mariengarden.de\/wordpress\/sprachliches-profil\/\" \/>\n<meta property=\"og:site_name\" content=\"Gymnasium Mariengarden\" \/>\n<meta property=\"article:publisher\" content=\"https:\/\/www.facebook.com\/groups\/38812342437\/?locale=de_DE\" \/>\n<meta property=\"article:modified_time\" content=\"2024-11-21T12:38:30+00:00\" \/>\n<meta property=\"og:image\" content=\"https:\/\/www.gymnasium-mariengarden.de\/wordpress\/wp-content\/uploads\/2024\/11\/3.png\" \/>\n\t<meta property=\"og:image:width\" content=\"898\" \/>\n\t<meta property=\"og:image:height\" content=\"551\" \/>\n\t<meta property=\"og:image:type\" content=\"image\/png\" \/>\n<meta name=\"twitter:card\" content=\"summary_large_image\" \/>\n<meta name=\"twitter:label1\" content=\"Gesch\u00e4tzte Lesezeit\" \/>\n\t<meta name=\"twitter:data1\" content=\"2\u00a0Minuten\" \/>\n<script type=\"application\/ld+json\" class=\"yoast-schema-graph\">{\"@context\":\"https:\\\/\\\/schema.org\",\"@graph\":[{\"@type\":\"WebPage\",\"@id\":\"https:\\\/\\\/www.gymnasium-mariengarden.de\\\/wordpress\\\/sprachliches-profil\\\/\",\"url\":\"https:\\\/\\\/www.gymnasium-mariengarden.de\\\/wordpress\\\/sprachliches-profil\\\/\",\"name\":\"Sprachliches Profil - Gymnasium Mariengarden\",\"isPartOf\":{\"@id\":\"https:\\\/\\\/www.gymnasium-mariengarden.de\\\/wordpress\\\/#website\"},\"primaryImageOfPage\":{\"@id\":\"https:\\\/\\\/www.gymnasium-mariengarden.de\\\/wordpress\\\/sprachliches-profil\\\/#primaryimage\"},\"image\":{\"@id\":\"https:\\\/\\\/www.gymnasium-mariengarden.de\\\/wordpress\\\/sprachliches-profil\\\/#primaryimage\"},\"thumbnailUrl\":\"https:\\\/\\\/www.gymnasium-mariengarden.de\\\/wordpress\\\/wp-content\\\/uploads\\\/2024\\\/11\\\/3.png\",\"datePublished\":\"2024-11-21T12:38:29+00:00\",\"dateModified\":\"2024-11-21T12:38:30+00:00\",\"description\":\"Privates Gymnasium der Oblatenmissionare\",\"breadcrumb\":{\"@id\":\"https:\\\/\\\/www.gymnasium-mariengarden.de\\\/wordpress\\\/sprachliches-profil\\\/#breadcrumb\"},\"inLanguage\":\"de\",\"potentialAction\":[{\"@type\":\"ReadAction\",\"target\":[\"https:\\\/\\\/www.gymnasium-mariengarden.de\\\/wordpress\\\/sprachliches-profil\\\/\"]}]},{\"@type\":\"ImageObject\",\"inLanguage\":\"de\",\"@id\":\"https:\\\/\\\/www.gymnasium-mariengarden.de\\\/wordpress\\\/sprachliches-profil\\\/#primaryimage\",\"url\":\"https:\\\/\\\/www.gymnasium-mariengarden.de\\\/wordpress\\\/wp-content\\\/uploads\\\/2024\\\/11\\\/3.png\",\"contentUrl\":\"https:\\\/\\\/www.gymnasium-mariengarden.de\\\/wordpress\\\/wp-content\\\/uploads\\\/2024\\\/11\\\/3.png\",\"width\":898,\"height\":551},{\"@type\":\"BreadcrumbList\",\"@id\":\"https:\\\/\\\/www.gymnasium-mariengarden.de\\\/wordpress\\\/sprachliches-profil\\\/#breadcrumb\",\"itemListElement\":[{\"@type\":\"ListItem\",\"position\":1,\"name\":\"Startseite\",\"item\":\"https:\\\/\\\/www.gymnasium-mariengarden.de\\\/wordpress\\\/\"},{\"@type\":\"ListItem\",\"position\":2,\"name\":\"Sprachliches Profil\"}]},{\"@type\":\"WebSite\",\"@id\":\"https:\\\/\\\/www.gymnasium-mariengarden.de\\\/wordpress\\\/#website\",\"url\":\"https:\\\/\\\/www.gymnasium-mariengarden.de\\\/wordpress\\\/\",\"name\":\"Gymnasium Mariengarden\",\"description\":\"Privates Gymnasium der Oblatenmissionare\",\"alternateName\":\"Gymnasium Mariengarden Borken-Burlo\",\"potentialAction\":[{\"@type\":\"SearchAction\",\"target\":{\"@type\":\"EntryPoint\",\"urlTemplate\":\"https:\\\/\\\/www.gymnasium-mariengarden.de\\\/wordpress\\\/?s={search_term_string}\"},\"query-input\":{\"@type\":\"PropertyValueSpecification\",\"valueRequired\":true,\"valueName\":\"search_term_string\"}}],\"inLanguage\":\"de\"}]}<\/script>\n<!-- \/ Yoast SEO plugin. -->","yoast_head_json":{"title":"Sprachliches Profil - Gymnasium Mariengarden","description":"Privates Gymnasium der Oblatenmissionare","robots":{"index":"index","follow":"follow","max-snippet":"max-snippet:-1","max-image-preview":"max-image-preview:large","max-video-preview":"max-video-preview:-1"},"canonical":"https:\/\/www.gymnasium-mariengarden.de\/wordpress\/sprachliches-profil\/","og_locale":"de_DE","og_type":"article","og_title":"Sprachliches Profil - Gymnasium Mariengarden","og_description":"Privates Gymnasium der Oblatenmissionare","og_url":"https:\/\/www.gymnasium-mariengarden.de\/wordpress\/sprachliches-profil\/","og_site_name":"Gymnasium Mariengarden","article_publisher":"https:\/\/www.facebook.com\/groups\/38812342437\/?locale=de_DE","article_modified_time":"2024-11-21T12:38:30+00:00","og_image":[{"width":898,"height":551,"url":"https:\/\/www.gymnasium-mariengarden.de\/wordpress\/wp-content\/uploads\/2024\/11\/3.png","type":"image\/png"}],"twitter_card":"summary_large_image","twitter_misc":{"Gesch\u00e4tzte Lesezeit":"2\u00a0Minuten"},"schema":{"@context":"https:\/\/schema.org","@graph":[{"@type":"WebPage","@id":"https:\/\/www.gymnasium-mariengarden.de\/wordpress\/sprachliches-profil\/","url":"https:\/\/www.gymnasium-mariengarden.de\/wordpress\/sprachliches-profil\/","name":"Sprachliches Profil - Gymnasium Mariengarden","isPartOf":{"@id":"https:\/\/www.gymnasium-mariengarden.de\/wordpress\/#website"},"primaryImageOfPage":{"@id":"https:\/\/www.gymnasium-mariengarden.de\/wordpress\/sprachliches-profil\/#primaryimage"},"image":{"@id":"https:\/\/www.gymnasium-mariengarden.de\/wordpress\/sprachliches-profil\/#primaryimage"},"thumbnailUrl":"https:\/\/www.gymnasium-mariengarden.de\/wordpress\/wp-content\/uploads\/2024\/11\/3.png","datePublished":"2024-11-21T12:38:29+00:00","dateModified":"2024-11-21T12:38:30+00:00","description":"Privates Gymnasium der Oblatenmissionare","breadcrumb":{"@id":"https:\/\/www.gymnasium-mariengarden.de\/wordpress\/sprachliches-profil\/#breadcrumb"},"inLanguage":"de","potentialAction":[{"@type":"ReadAction","target":["https:\/\/www.gymnasium-mariengarden.de\/wordpress\/sprachliches-profil\/"]}]},{"@type":"ImageObject","inLanguage":"de","@id":"https:\/\/www.gymnasium-mariengarden.de\/wordpress\/sprachliches-profil\/#primaryimage","url":"https:\/\/www.gymnasium-mariengarden.de\/wordpress\/wp-content\/uploads\/2024\/11\/3.png","contentUrl":"https:\/\/www.gymnasium-mariengarden.de\/wordpress\/wp-content\/uploads\/2024\/11\/3.png","width":898,"height":551},{"@type":"BreadcrumbList","@id":"https:\/\/www.gymnasium-mariengarden.de\/wordpress\/sprachliches-profil\/#breadcrumb","itemListElement":[{"@type":"ListItem","position":1,"name":"Startseite","item":"https:\/\/www.gymnasium-mariengarden.de\/wordpress\/"},{"@type":"ListItem","position":2,"name":"Sprachliches Profil"}]},{"@type":"WebSite","@id":"https:\/\/www.gymnasium-mariengarden.de\/wordpress\/#website","url":"https:\/\/www.gymnasium-mariengarden.de\/wordpress\/","name":"Gymnasium Mariengarden","description":"Privates Gymnasium der Oblatenmissionare","alternateName":"Gymnasium Mariengarden Borken-Burlo","potentialAction":[{"@type":"SearchAction","target":{"@type":"EntryPoint","urlTemplate":"https:\/\/www.gymnasium-mariengarden.de\/wordpress\/?s={search_term_string}"},"query-input":{"@type":"PropertyValueSpecification","valueRequired":true,"valueName":"search_term_string"}}],"inLanguage":"de"}]}},"_links":{"self":[{"href":"https:\/\/www.gymnasium-mariengarden.de\/wordpress\/wp-json\/wp\/v2\/pages\/16097","targetHints":{"allow":["GET"]}}],"collection":[{"href":"https:\/\/www.gymnasium-mariengarden.de\/wordpress\/wp-json\/wp\/v2\/pages"}],"about":[{"href":"https:\/\/www.gymnasium-mariengarden.de\/wordpress\/wp-json\/wp\/v2\/types\/page"}],"author":[{"embeddable":true,"href":"https:\/\/www.gymnasium-mariengarden.de\/wordpress\/wp-json\/wp\/v2\/users\/21"}],"replies":[{"embeddable":true,"href":"https:\/\/www.gymnasium-mariengarden.de\/wordpress\/wp-json\/wp\/v2\/comments?post=16097"}],"version-history":[{"count":4,"href":"https:\/\/www.gymnasium-mariengarden.de\/wordpress\/wp-json\/wp\/v2\/pages\/16097\/revisions"}],"predecessor-version":[{"id":16143,"href":"https:\/\/www.gymnasium-mariengarden.de\/wordpress\/wp-json\/wp\/v2\/pages\/16097\/revisions\/16143"}],"wp:attachment":[{"href":"https:\/\/www.gymnasium-mariengarden.de\/wordpress\/wp-json\/wp\/v2\/media?parent=16097"}],"curies":[{"name":"wp","href":"https:\/\/api.w.org\/{rel}","templated":true}]}}

<p></p>



<p>Das Gymnasium Mariengarden verfolgt ein ganzheitliches sprachliches Bildungskonzept, das die Schüler:innen dazu befähigt, sich sicher und kompetent in einer zunehmend vernetzten und globalisierten Welt zu bewegen. Durch eine breit aufgestellte Fremdsprachenfolge und gezielte Zusatzangebote werden umfassende Kommunikationsfähigkeiten sowie interkulturelle Kompetenzen vermittelt. Dabei stehen nicht nur das Erlernen der Sprache an sich, sondern auch die praktische Anwendung und das Verständnis für kulturelle Unterschiede im Vordergrund.</p>



<p>Unser sprachliches Profil bietet den Schüler:innen &nbsp;eine fundierte und abwechslungsreiche Ausbildung in verschiedenen Fremdsprachen. Die Sprachenfolge ermöglicht den Lernenden eine strukturierte Sprachausbildung, die je nach Jahrgangsstufe und Wahlmöglichkeiten um weitere Fremdsprachen erweitert werden kann. Ergänzend dazu bieten wir die Möglichkeit, an anerkannten Sprachzertifikaten teilzunehmen, die internationale Qualifikationen und berufliche Vorteile bringen.</p>



<figure class="wp-block-image size-full"><img loading="lazy" decoding="async" width="898" height="551" src="https://www.gymnasium-mariengarden.de/wordpress/wp-content/uploads/2024/11/3.png" alt="" class="wp-image-16099" srcset="https://www.gymnasium-mariengarden.de/wordpress/wp-content/uploads/2024/11/3.png 898w, https://www.gymnasium-mariengarden.de/wordpress/wp-content/uploads/2024/11/3-300x184.png 300w, https://www.gymnasium-mariengarden.de/wordpress/wp-content/uploads/2024/11/3-768x471.png 768w" sizes="auto, (max-width: 898px) 100vw, 898px" /></figure>



<p>Besondere Highlights unseres Programms sind die Fahrten, Schüleraustausche und Auslandsaufenthalte, die es den Schüler:innen ermöglichen, ihre Sprachkenntnisse in authentischen Situationen anzuwenden und fremde Kulturen hautnah zu erleben. Schließlich fördert die Teilnahme an verschiedenen Sprachwettbewerben die Freude und das Engagement am Sprachenlernen und gibt talentierten Schüler:innen die Chance, ihre Fähigkeiten unter Beweis zu stellen.</p>

<p>Das Gymnasium Mariengarden verfolgt ein ganzheitliches sprachliches Bildungskonzept, das die Schüler:innen dazu befähigt, sich sicher und kompetent in einer zunehmend vernetzten und globalisierten Welt zu bewegen. Durch eine breit aufgestellte Fremdsprachenfolge und gezielte Zusatzangebote werden umfassende Kommunikationsfähigkeiten sowie interkulturelle Kompetenzen vermittelt. Dabei stehen nicht nur das Erlernen der Sprache an sich, sondern auch die praktische &hellip; <a href="https://www.gymnasium-mariengarden.de/wordpress/sprachliches-profil/" class="more-link"><span class="screen-reader-text">Sprachliches Profil</span> weiterlesen <span class="meta-nav">&rarr;</span></a></p>

<!-- This site is optimized with the Yoast SEO plugin v27.3 - https://yoast.com/product/yoast-seo-wordpress/ -->
<title>Sprachliches Profil - Gymnasium Mariengarden</title>
<meta name="description" content="Privates Gymnasium der Oblatenmissionare" />
<meta name="robots" content="index, follow, max-snippet:-1, max-image-preview:large, max-video-preview:-1" />
<link rel="canonical" href="https://www.gymnasium-mariengarden.de/wordpress/sprachliches-profil/" />
<meta property="og:locale" content="de_DE" />
<meta property="og:type" content="article" />
<meta property="og:title" content="Sprachliches Profil - Gymnasium Mariengarden" />
<meta property="og:description" content="Privates Gymnasium der Oblatenmissionare" />
<meta property="og:url" content="https://www.gymnasium-mariengarden.de/wordpress/sprachliches-profil/" />
<meta property="og:site_name" content="Gymnasium Mariengarden" />
<meta property="article:publisher" content="https://www.facebook.com/groups/38812342437/?locale=de_DE" />
<meta property="article:modified_time" content="2024-11-21T12:38:30+00:00" />
<meta property="og:image" content="https://www.gymnasium-mariengarden.de/wordpress/wp-content/uploads/2024/11/3.png" />
	<meta property="og:image:width" content="898" />
	<meta property="og:image:height" content="551" />
	<meta property="og:image:type" content="image/png" />
<meta name="twitter:card" content="summary_large_image" />
<meta name="twitter:label1" content="Geschätzte Lesezeit" />
	<meta name="twitter:data1" content="2 Minuten" />
<script type="application/ld+json" class="yoast-schema-graph">{"@context":"https:\/\/schema.org","@graph":[{"@type":"WebPage","@id":"https:\/\/www.gymnasium-mariengarden.de\/wordpress\/sprachliches-profil\/","url":"https:\/\/www.gymnasium-mariengarden.de\/wordpress\/sprachliches-profil\/","name":"Sprachliches Profil - Gymnasium Mariengarden","isPartOf":{"@id":"https:\/\/www.gymnasium-mariengarden.de\/wordpress\/#website"},"primaryImageOfPage":{"@id":"https:\/\/www.gymnasium-mariengarden.de\/wordpress\/sprachliches-profil\/#primaryimage"},"image":{"@id":"https:\/\/www.gymnasium-mariengarden.de\/wordpress\/sprachliches-profil\/#primaryimage"},"thumbnailUrl":"https:\/\/www.gymnasium-mariengarden.de\/wordpress\/wp-content\/uploads\/2024\/11\/3.png","datePublished":"2024-11-21T12:38:29+00:00","dateModified":"2024-11-21T12:38:30+00:00","description":"Privates Gymnasium der Oblatenmissionare","breadcrumb":{"@id":"https:\/\/www.gymnasium-mariengarden.de\/wordpress\/sprachliches-profil\/#breadcrumb"},"inLanguage":"de","potentialAction":[{"@type":"ReadAction","target":["https:\/\/www.gymnasium-mariengarden.de\/wordpress\/sprachliches-profil\/"]}]},{"@type":"ImageObject","inLanguage":"de","@id":"https:\/\/www.gymnasium-mariengarden.de\/wordpress\/sprachliches-profil\/#primaryimage","url":"https:\/\/www.gymnasium-mariengarden.de\/wordpress\/wp-content\/uploads\/2024\/11\/3.png","contentUrl":"https:\/\/www.gymnasium-mariengarden.de\/wordpress\/wp-content\/uploads\/2024\/11\/3.png","width":898,"height":551},{"@type":"BreadcrumbList","@id":"https:\/\/www.gymnasium-mariengarden.de\/wordpress\/sprachliches-profil\/#breadcrumb","itemListElement":[{"@type":"ListItem","position":1,"name":"Startseite","item":"https:\/\/www.gymnasium-mariengarden.de\/wordpress\/"},{"@type":"ListItem","position":2,"name":"Sprachliches Profil"}]},{"@type":"WebSite","@id":"https:\/\/www.gymnasium-mariengarden.de\/wordpress\/#website","url":"https:\/\/www.gymnasium-mariengarden.de\/wordpress\/","name":"Gymnasium Mariengarden","description":"Privates Gymnasium der Oblatenmissionare","alternateName":"Gymnasium Mariengarden Borken-Burlo","potentialAction":[{"@type":"SearchAction","target":{"@type":"EntryPoint","urlTemplate":"https:\/\/www.gymnasium-mariengarden.de\/wordpress\/?s={search_term_string}"},"query-input":{"@type":"PropertyValueSpecification","valueRequired":true,"valueName":"search_term_string"}}],"inLanguage":"de"}]}</script>
<!-- / Yoast SEO plugin. -->
