{"id":15573,"date":"2024-04-13T09:26:41","date_gmt":"2024-04-13T07:26:41","guid":{"rendered":"https:\/\/www.gymnasium-mariengarden.de\/wordpress\/?page_id=15573"},"modified":"2026-04-27T14:44:22","modified_gmt":"2026-04-27T12:44:22","slug":"naturwissenschaftliches-profil","status":"publish","type":"page","link":"https:\/\/www.gymnasium-mariengarden.de\/wordpress\/naturwissenschaftliches-profil\/","title":{"rendered":"MINT-Profil"},"content":{"rendered":"\n<p>Das Gymnasium Mariengarden legt gro\u00dfen Wert auf eine fundierte naturwissenschaftliche Ausbildung, die die Sch\u00fcler:innen f\u00fcr die Herausforderungen der modernen Welt vorbereitet. Wir bieten ein inspirierendes Lernumfeld, das Sch\u00fcler:innen erm\u00f6glicht, ihre Neugier zu entfalten und ihr Potential in den Naturwissenschaften zu entdecken.<\/p>\n\n\n\n<p><strong>Curriculum<\/strong><\/p>\n\n\n\n<p>Unser naturwissenschaftliches Curriculum umfasst die F\u00e4cher Biologie, Chemie, Physik und Informatik. Bereits ab der Klasse 5 beginnen die Sch\u00fcler:innen mit einem breiten Einblick in die Welt der Naturwissenschaft, indem sie Biologie, Physik und phasenverschoben Informatik kennenlernen. Dies legt den Grundstein f\u00fcr die Methoden der naturwissenschaftlichen Arbeitsweise. <\/p>\n\n\n\n<p>Ab dem Schuljahr 2025\/2026 wird zus\u00e4tzlich das neue Unterrichtsfach <a href=\"https:\/\/www.gymnasium-mariengarden.de\/wordpress\/unterrichtsfach-mint-in-der-jahrgangsstufe-5\/\" type=\"link\" id=\"https:\/\/www.gymnasium-mariengarden.de\/wordpress\/unterrichtsfach-mint-in-der-jahrgangsstufe-5\/\">MINT<\/a> in Klasse 5 eingef\u00fchrt. Ziel ist es, die naturwissenschaftlichen F\u00e4cher st\u00e4rker miteinander zu vernetzen und den Sch\u00fcler:innen auf spielerische, forschend-entdeckende Weise grundlegende Denk- und Arbeitsweisen aus allen MINT-Bereichen n\u00e4herzubringen. Der integrative Ansatz f\u00f6rdert nicht nur fach\u00fcbergreifendes Denken, sondern legt auch ein besonderes Augenmerk auf die F\u00f6rderung von Probleml\u00f6sekompetenz, Teamarbeit und die Freude am Entdecken. So soll Neugier gezielt geweckt und eine tragf\u00e4hige Basis f\u00fcr das sp\u00e4tere Verst\u00e4ndnis komplexer Zusammenh\u00e4nge geschaffen werden.<\/p>\n\n\n\n<p>In den darauffolgenden Jahren wird der Fokus auf Physik, Chemie und Biologie (zum Teil phasenverschoben) verst\u00e4rkt, wodurch die Sch\u00fcler:innen ihre Kenntnisse vertiefen. Zus\u00e4tzlich k\u00f6nnen die Sch\u00fcler:innen unter anderem zwischen <a data-type=\"page\" data-id=\"81\" href=\"https:\/\/www.gymnasium-mariengarden.de\/wordpress\/differenzierung-mittelstufe\/differenzierung-biochemie\/\">Biologie-Chemie<\/a> und <a data-type=\"page\" data-id=\"79\" href=\"https:\/\/www.gymnasium-mariengarden.de\/wordpress\/differenzierung-mittelstufe\/differenzierung-physik-informatik\/\">Physik-Informatik<\/a> als <a data-type=\"post\" data-id=\"3032\" href=\"https:\/\/www.gymnasium-mariengarden.de\/wordpress\/differenzierung-mittelstufe\/\">Wahlfach<\/a> w\u00e4hlen, wobei die Verkn\u00fcpfungen dieser Disziplinen besonders betont werden, um den Gedanken der Scientific Literacy zu f\u00f6rdern. Dar\u00fcber hinaus vermitteln wir den Sch\u00fcler:innen den Umgang mit diversen technischen Tools, wie das Prinzip der Datenverarbeitung, die Dateiorganisation und die Nutzung verschiedener Programme wie GeoGebra.<\/p>\n\n\n\n<figure class=\"wp-block-image size-large\"><img loading=\"lazy\" decoding=\"async\" width=\"1024\" height=\"724\" src=\"https:\/\/www.gymnasium-mariengarden.de\/wordpress\/wp-content\/uploads\/2025\/04\/2-1024x724.png\" alt=\"\" class=\"wp-image-16430\" srcset=\"https:\/\/www.gymnasium-mariengarden.de\/wordpress\/wp-content\/uploads\/2025\/04\/2-1024x724.png 1024w, https:\/\/www.gymnasium-mariengarden.de\/wordpress\/wp-content\/uploads\/2025\/04\/2-300x212.png 300w, https:\/\/www.gymnasium-mariengarden.de\/wordpress\/wp-content\/uploads\/2025\/04\/2-768x543.png 768w, https:\/\/www.gymnasium-mariengarden.de\/wordpress\/wp-content\/uploads\/2025\/04\/2-1536x1086.png 1536w, https:\/\/www.gymnasium-mariengarden.de\/wordpress\/wp-content\/uploads\/2025\/04\/2.png 2000w\" sizes=\"auto, (max-width: 1024px) 100vw, 1024px\" \/><\/figure>\n\n\n\n<p>Die Sch\u00fcler:innen haben in der <a href=\"https:\/\/www.gymnasium-mariengarden.de\/wordpress\/differenzierung-oberstufe\/\" data-type=\"page\" data-id=\"95\">Oberstufe<\/a> die M\u00f6glichkeit aus einem breiten Spektrum an MINT-F\u00e4chern zu w\u00e4hlen. Dies beinhaltet die F\u00e4cher Biologie, Chemie, Physik, Informatik und Mathematik. Dieses Kursangebot steht bei der Wahl von Grundkursen zur Verf\u00fcgung. Als Leistungskurse k\u00f6nnen alle F\u00e4cher bis auf Informatik gew\u00e4hlt werden. Es ist uns wichtig, dass die Sch\u00fcler:innen die M\u00f6glichkeit haben, ihre Interessen zu verfolgen und ihre F\u00e4higkeiten weiter zu entwickeln, sodass sie optimal auf berufliche Herausforderungen im MINT-Bereich vorbereitet sind. Dies wird durch die <a href=\"https:\/\/www.gymnasium-mariengarden.de\/wordpress\/labortage\/\" data-type=\"page\" data-id=\"15590\">Labortage<\/a> im Fach Chemie sichergestellt, indem l\u00e4nger andauernde Experimente und Auswertungen durchgef\u00fchrt werden k\u00f6nnen. Des Weiteren bieten wir \u00fcber die <a href=\"https:\/\/www.gymnasium-mariengarden.de\/wordpress\/leistungskursfahrten-im-naturwissenschaftlichen-bereich\/\" data-type=\"page\" data-id=\"15598\">Leistungsfahrten<\/a> an, vertiefende Erfahrungen an Universit\u00e4ten zu sammeln. Hierbei ist die Otto-von-Guericke-Universit\u00e4t ein langj\u00e4hriger Kooperationspartner, der uns einen Austausch erm\u00f6glicht.<\/p>\n\n\n\n<p><strong>Forder- und F\u00f6rderm\u00f6glichkeiten<\/strong><\/p>\n\n\n\n<p>Unsere Schule hat einen ausgepr\u00e4gten Fokus darauf, unsere Sch\u00fcler:innen zu unterst\u00fctzen und herauszufordern. Dazu haben wir ein spezielles <a href=\"https:\/\/www.gymnasium-mariengarden.de\/wordpress\/foerderkonzept\/\" data-type=\"page\" data-id=\"15242\">F\u00f6rder- und Forderprogramm<\/a> im Bereich Mathematik eingerichtet, um verschiedene Themengebiete zu wiederholen, aber auch alternative Anwendungskontexte zu betrachten. Neben den F\u00f6rder- und Forderkursen gibt es das zus\u00e4tzliche Angebot von \u201eSch\u00fcler helfen Sch\u00fclern\u201c. Sch\u00fcler:innen oberer Jahrgangsstufen fungieren als Mentoren und geben ihre Erfahrungen und Kenntnisse an j\u00fcngere Sch\u00fcler:innen, um ein unterst\u00fctzendes Umfeld zu schaffen. In der Oberstufe gibt es ebenfalls zahlreiche Unterst\u00fctzungsangebote. Es werden Zusatzkurse im Fach Mathematik und eine entsprechende Mathematik-AG zur Spitzenf\u00f6rderung angeboten.<\/p>\n\n\n\n<p><strong>Au\u00dferschulische Projekte<\/strong><\/p>\n\n\n\n<p>Ein weiterer wichtiger Baustein unseres MINT-Konzepts ist die Einf\u00fchrung eines j\u00e4hrlich stattfindenden <a href=\"https:\/\/www.gymnasium-mariengarden.de\/wordpress\/mint-tag-der-jahrgangsstufe-8-ein-tag-voller-forschergeist\/\" type=\"link\" id=\"https:\/\/www.gymnasium-mariengarden.de\/wordpress\/mint-tag-der-jahrgangsstufe-8-ein-tag-voller-forschergeist\/\">MINT-Tages<\/a> f\u00fcr die Jahrgangsstufe 8. Die Sch\u00fcler:innen durchlaufen an diesem Tag 15 interaktive Stationen, an denen das eigenst\u00e4ndige Experimentieren und das forschend-entdeckende Lernen im Mittelpunkt stehen. Unterst\u00fctzt wird die Veranstaltung durch unseren Kooperationspartner Gigaset.<\/p>\n\n\n\n<p>\u00dcber diesen besonderen Projekttag hinaus wird die MINT-F\u00f6rderung durch ein breites Spektrum an zus\u00e4tzlichen Angeboten fortgef\u00fchrt. Wir bieten eine Vielzahl von au\u00dferschulischen Aktivit\u00e4ten und Projekten an, die das Interesse an den MINT-F\u00e4chern f\u00f6rdern und vertiefen sollen. In enger Zusammenarbeit mit unseren Kooperationspartnern aus Forschung und Wirtschaft erm\u00f6glichen wir Exkursionen, Workshops mit Expert:innen aus der Industrie sowie die Teilnahme an nationalen und internationalen Wettbewerben. Diverse Wettbewerbe sind zudem fest in den schulinternen Lehrplan integriert. Diese Erfahrungen f\u00f6rdern nicht nur fachliche, sondern auch soziale und kommunikative Kompetenzen.<\/p>\n\n\n\n<figure class=\"wp-block-image size-full\"><img loading=\"lazy\" decoding=\"async\" width=\"944\" height=\"313\" src=\"https:\/\/www.gymnasium-mariengarden.de\/wordpress\/wp-content\/uploads\/2026\/03\/1.png\" alt=\"\" class=\"wp-image-16970\" srcset=\"https:\/\/www.gymnasium-mariengarden.de\/wordpress\/wp-content\/uploads\/2026\/03\/1.png 944w, https:\/\/www.gymnasium-mariengarden.de\/wordpress\/wp-content\/uploads\/2026\/03\/1-300x99.png 300w, https:\/\/www.gymnasium-mariengarden.de\/wordpress\/wp-content\/uploads\/2026\/03\/1-768x255.png 768w\" sizes=\"auto, (max-width: 944px) 100vw, 944px\" \/><\/figure>\n\n\n\n<p>Weitere Informationen finden Sie im Bereich <a data-type=\"page\" data-id=\"15552\" href=\"https:\/\/www.gymnasium-mariengarden.de\/wordpress\/wettbewerbe\/\">Wettbewerbe<\/a> und im Bereich <a data-type=\"page\" data-id=\"3319\" href=\"https:\/\/www.gymnasium-mariengarden.de\/wordpress\/ags-2\/\">Arbeitsgemeinschaften<\/a>. Zus\u00e4tzlich werden die Angebote innerhalb der Klassen pr\u00e4sentiert. Dar\u00fcber hinaus gibt es ein MINT-Team bei Teams. Es handelt sich um ein \u00f6ffentliches Team, in welches sich jede:r Lernende einw\u00e4hlen kann und \u00fcber aktuelle MINT-Veranstaltungen informiert wird. Alle wichtigen MINT-Termine &#8211; von Wettbewerben bis zu AGs &#8211; werden dort regelm\u00e4\u00dfig ver\u00f6ffentlicht.<\/p>\n\n\n\n<p>Unser naturwissenschaftliches Profil finden Sie hier in aller K\u00fcrze:<\/p>\n\n\n\n<figure class=\"wp-block-image size-large\"><img loading=\"lazy\" decoding=\"async\" width=\"1024\" height=\"576\" src=\"https:\/\/www.gymnasium-mariengarden.de\/wordpress\/wp-content\/uploads\/2026\/04\/MINT-Konzept-Uebersicht-1024x576.png\" alt=\"\" class=\"wp-image-17089\" srcset=\"https:\/\/www.gymnasium-mariengarden.de\/wordpress\/wp-content\/uploads\/2026\/04\/MINT-Konzept-Uebersicht-1024x576.png 1024w, https:\/\/www.gymnasium-mariengarden.de\/wordpress\/wp-content\/uploads\/2026\/04\/MINT-Konzept-Uebersicht-300x169.png 300w, https:\/\/www.gymnasium-mariengarden.de\/wordpress\/wp-content\/uploads\/2026\/04\/MINT-Konzept-Uebersicht-768x432.png 768w, https:\/\/www.gymnasium-mariengarden.de\/wordpress\/wp-content\/uploads\/2026\/04\/MINT-Konzept-Uebersicht-1536x864.png 1536w, https:\/\/www.gymnasium-mariengarden.de\/wordpress\/wp-content\/uploads\/2026\/04\/MINT-Konzept-Uebersicht.png 1920w\" sizes=\"auto, (max-width: 1024px) 100vw, 1024px\" \/><\/figure>\n\n\n\n<div class=\"wp-block-file\"><a id=\"wp-block-file--media-631258da-7895-46f0-8548-409dbad749c3\" href=\"https:\/\/www.gymnasium-mariengarden.de\/wordpress\/wp-content\/uploads\/2026\/04\/MINT-Konzept-Uebersicht-1.png\">MINT-Konzept \u00dcbersicht<\/a><a href=\"https:\/\/www.gymnasium-mariengarden.de\/wordpress\/wp-content\/uploads\/2026\/04\/MINT-Konzept-Uebersicht-1.png\" class=\"wp-block-file__button wp-element-button\" download aria-describedby=\"wp-block-file--media-631258da-7895-46f0-8548-409dbad749c3\">Herunterladen<\/a><\/div>\n","protected":false},"excerpt":{"rendered":"<p>Das Gymnasium Mariengarden legt gro\u00dfen Wert auf eine fundierte naturwissenschaftliche Ausbildung, die die Sch\u00fcler:innen f\u00fcr die Herausforderungen der modernen Welt vorbereitet. Wir bieten ein inspirierendes Lernumfeld, das Sch\u00fcler:innen erm\u00f6glicht, ihre Neugier zu entfalten und ihr Potential in den Naturwissenschaften zu entdecken. Curriculum Unser naturwissenschaftliches Curriculum umfasst die F\u00e4cher Biologie, Chemie, Physik und Informatik. Bereits ab &hellip; <a href=\"https:\/\/www.gymnasium-mariengarden.de\/wordpress\/naturwissenschaftliches-profil\/\" class=\"more-link\"><span class=\"screen-reader-text\">MINT-Profil<\/span> weiterlesen <span class=\"meta-nav\">&rarr;<\/span><\/a><\/p>\n","protected":false},"author":21,"featured_media":0,"parent":0,"menu_order":0,"comment_status":"closed","ping_status":"closed","template":"","meta":{"footnotes":""},"class_list":["post-15573","page","type-page","status-publish","hentry"],"yoast_head":"<!-- This site is optimized with the Yoast SEO plugin v27.3 - https:\/\/yoast.com\/product\/yoast-seo-wordpress\/ -->\n<title>MINT-Profil - Gymnasium Mariengarden<\/title>\n<meta name=\"description\" content=\"Privates Gymnasium der Oblatenmissionare\" \/>\n<meta name=\"robots\" content=\"index, follow, max-snippet:-1, max-image-preview:large, max-video-preview:-1\" \/>\n<link rel=\"canonical\" href=\"https:\/\/www.gymnasium-mariengarden.de\/wordpress\/naturwissenschaftliches-profil\/\" \/>\n<meta property=\"og:locale\" content=\"de_DE\" \/>\n<meta property=\"og:type\" content=\"article\" \/>\n<meta property=\"og:title\" content=\"MINT-Profil - Gymnasium Mariengarden\" \/>\n<meta property=\"og:description\" content=\"Privates Gymnasium der Oblatenmissionare\" \/>\n<meta property=\"og:url\" content=\"https:\/\/www.gymnasium-mariengarden.de\/wordpress\/naturwissenschaftliches-profil\/\" \/>\n<meta property=\"og:site_name\" content=\"Gymnasium Mariengarden\" \/>\n<meta property=\"article:publisher\" content=\"https:\/\/www.facebook.com\/groups\/38812342437\/?locale=de_DE\" \/>\n<meta property=\"article:modified_time\" content=\"2026-04-27T12:44:22+00:00\" \/>\n<meta property=\"og:image\" content=\"https:\/\/www.gymnasium-mariengarden.de\/wordpress\/wp-content\/uploads\/2025\/04\/2.png\" \/>\n\t<meta property=\"og:image:width\" content=\"2000\" \/>\n\t<meta property=\"og:image:height\" content=\"1414\" \/>\n\t<meta property=\"og:image:type\" content=\"image\/png\" \/>\n<meta name=\"twitter:card\" content=\"summary_large_image\" \/>\n<meta name=\"twitter:label1\" content=\"Gesch\u00e4tzte Lesezeit\" \/>\n\t<meta name=\"twitter:data1\" content=\"5\u00a0Minuten\" \/>\n<script type=\"application\/ld+json\" class=\"yoast-schema-graph\">{\"@context\":\"https:\\\/\\\/schema.org\",\"@graph\":[{\"@type\":\"WebPage\",\"@id\":\"https:\\\/\\\/www.gymnasium-mariengarden.de\\\/wordpress\\\/naturwissenschaftliches-profil\\\/\",\"url\":\"https:\\\/\\\/www.gymnasium-mariengarden.de\\\/wordpress\\\/naturwissenschaftliches-profil\\\/\",\"name\":\"MINT-Profil - Gymnasium Mariengarden\",\"isPartOf\":{\"@id\":\"https:\\\/\\\/www.gymnasium-mariengarden.de\\\/wordpress\\\/#website\"},\"primaryImageOfPage\":{\"@id\":\"https:\\\/\\\/www.gymnasium-mariengarden.de\\\/wordpress\\\/naturwissenschaftliches-profil\\\/#primaryimage\"},\"image\":{\"@id\":\"https:\\\/\\\/www.gymnasium-mariengarden.de\\\/wordpress\\\/naturwissenschaftliches-profil\\\/#primaryimage\"},\"thumbnailUrl\":\"https:\\\/\\\/www.gymnasium-mariengarden.de\\\/wordpress\\\/wp-content\\\/uploads\\\/2025\\\/04\\\/2-1024x724.png\",\"datePublished\":\"2024-04-13T07:26:41+00:00\",\"dateModified\":\"2026-04-27T12:44:22+00:00\",\"description\":\"Privates Gymnasium der Oblatenmissionare\",\"breadcrumb\":{\"@id\":\"https:\\\/\\\/www.gymnasium-mariengarden.de\\\/wordpress\\\/naturwissenschaftliches-profil\\\/#breadcrumb\"},\"inLanguage\":\"de\",\"potentialAction\":[{\"@type\":\"ReadAction\",\"target\":[\"https:\\\/\\\/www.gymnasium-mariengarden.de\\\/wordpress\\\/naturwissenschaftliches-profil\\\/\"]}]},{\"@type\":\"ImageObject\",\"inLanguage\":\"de\",\"@id\":\"https:\\\/\\\/www.gymnasium-mariengarden.de\\\/wordpress\\\/naturwissenschaftliches-profil\\\/#primaryimage\",\"url\":\"https:\\\/\\\/www.gymnasium-mariengarden.de\\\/wordpress\\\/wp-content\\\/uploads\\\/2025\\\/04\\\/2.png\",\"contentUrl\":\"https:\\\/\\\/www.gymnasium-mariengarden.de\\\/wordpress\\\/wp-content\\\/uploads\\\/2025\\\/04\\\/2.png\",\"width\":2000,\"height\":1414},{\"@type\":\"BreadcrumbList\",\"@id\":\"https:\\\/\\\/www.gymnasium-mariengarden.de\\\/wordpress\\\/naturwissenschaftliches-profil\\\/#breadcrumb\",\"itemListElement\":[{\"@type\":\"ListItem\",\"position\":1,\"name\":\"Startseite\",\"item\":\"https:\\\/\\\/www.gymnasium-mariengarden.de\\\/wordpress\\\/\"},{\"@type\":\"ListItem\",\"position\":2,\"name\":\"MINT-Profil\"}]},{\"@type\":\"WebSite\",\"@id\":\"https:\\\/\\\/www.gymnasium-mariengarden.de\\\/wordpress\\\/#website\",\"url\":\"https:\\\/\\\/www.gymnasium-mariengarden.de\\\/wordpress\\\/\",\"name\":\"Gymnasium Mariengarden\",\"description\":\"Privates Gymnasium der Oblatenmissionare\",\"alternateName\":\"Gymnasium Mariengarden Borken-Burlo\",\"potentialAction\":[{\"@type\":\"SearchAction\",\"target\":{\"@type\":\"EntryPoint\",\"urlTemplate\":\"https:\\\/\\\/www.gymnasium-mariengarden.de\\\/wordpress\\\/?s={search_term_string}\"},\"query-input\":{\"@type\":\"PropertyValueSpecification\",\"valueRequired\":true,\"valueName\":\"search_term_string\"}}],\"inLanguage\":\"de\"}]}<\/script>\n<!-- \/ Yoast SEO plugin. -->","yoast_head_json":{"title":"MINT-Profil - Gymnasium Mariengarden","description":"Privates Gymnasium der Oblatenmissionare","robots":{"index":"index","follow":"follow","max-snippet":"max-snippet:-1","max-image-preview":"max-image-preview:large","max-video-preview":"max-video-preview:-1"},"canonical":"https:\/\/www.gymnasium-mariengarden.de\/wordpress\/naturwissenschaftliches-profil\/","og_locale":"de_DE","og_type":"article","og_title":"MINT-Profil - Gymnasium Mariengarden","og_description":"Privates Gymnasium der Oblatenmissionare","og_url":"https:\/\/www.gymnasium-mariengarden.de\/wordpress\/naturwissenschaftliches-profil\/","og_site_name":"Gymnasium Mariengarden","article_publisher":"https:\/\/www.facebook.com\/groups\/38812342437\/?locale=de_DE","article_modified_time":"2026-04-27T12:44:22+00:00","og_image":[{"width":2000,"height":1414,"url":"https:\/\/www.gymnasium-mariengarden.de\/wordpress\/wp-content\/uploads\/2025\/04\/2.png","type":"image\/png"}],"twitter_card":"summary_large_image","twitter_misc":{"Gesch\u00e4tzte Lesezeit":"5\u00a0Minuten"},"schema":{"@context":"https:\/\/schema.org","@graph":[{"@type":"WebPage","@id":"https:\/\/www.gymnasium-mariengarden.de\/wordpress\/naturwissenschaftliches-profil\/","url":"https:\/\/www.gymnasium-mariengarden.de\/wordpress\/naturwissenschaftliches-profil\/","name":"MINT-Profil - Gymnasium Mariengarden","isPartOf":{"@id":"https:\/\/www.gymnasium-mariengarden.de\/wordpress\/#website"},"primaryImageOfPage":{"@id":"https:\/\/www.gymnasium-mariengarden.de\/wordpress\/naturwissenschaftliches-profil\/#primaryimage"},"image":{"@id":"https:\/\/www.gymnasium-mariengarden.de\/wordpress\/naturwissenschaftliches-profil\/#primaryimage"},"thumbnailUrl":"https:\/\/www.gymnasium-mariengarden.de\/wordpress\/wp-content\/uploads\/2025\/04\/2-1024x724.png","datePublished":"2024-04-13T07:26:41+00:00","dateModified":"2026-04-27T12:44:22+00:00","description":"Privates Gymnasium der Oblatenmissionare","breadcrumb":{"@id":"https:\/\/www.gymnasium-mariengarden.de\/wordpress\/naturwissenschaftliches-profil\/#breadcrumb"},"inLanguage":"de","potentialAction":[{"@type":"ReadAction","target":["https:\/\/www.gymnasium-mariengarden.de\/wordpress\/naturwissenschaftliches-profil\/"]}]},{"@type":"ImageObject","inLanguage":"de","@id":"https:\/\/www.gymnasium-mariengarden.de\/wordpress\/naturwissenschaftliches-profil\/#primaryimage","url":"https:\/\/www.gymnasium-mariengarden.de\/wordpress\/wp-content\/uploads\/2025\/04\/2.png","contentUrl":"https:\/\/www.gymnasium-mariengarden.de\/wordpress\/wp-content\/uploads\/2025\/04\/2.png","width":2000,"height":1414},{"@type":"BreadcrumbList","@id":"https:\/\/www.gymnasium-mariengarden.de\/wordpress\/naturwissenschaftliches-profil\/#breadcrumb","itemListElement":[{"@type":"ListItem","position":1,"name":"Startseite","item":"https:\/\/www.gymnasium-mariengarden.de\/wordpress\/"},{"@type":"ListItem","position":2,"name":"MINT-Profil"}]},{"@type":"WebSite","@id":"https:\/\/www.gymnasium-mariengarden.de\/wordpress\/#website","url":"https:\/\/www.gymnasium-mariengarden.de\/wordpress\/","name":"Gymnasium Mariengarden","description":"Privates Gymnasium der Oblatenmissionare","alternateName":"Gymnasium Mariengarden Borken-Burlo","potentialAction":[{"@type":"SearchAction","target":{"@type":"EntryPoint","urlTemplate":"https:\/\/www.gymnasium-mariengarden.de\/wordpress\/?s={search_term_string}"},"query-input":{"@type":"PropertyValueSpecification","valueRequired":true,"valueName":"search_term_string"}}],"inLanguage":"de"}]}},"_links":{"self":[{"href":"https:\/\/www.gymnasium-mariengarden.de\/wordpress\/wp-json\/wp\/v2\/pages\/15573","targetHints":{"allow":["GET"]}}],"collection":[{"href":"https:\/\/www.gymnasium-mariengarden.de\/wordpress\/wp-json\/wp\/v2\/pages"}],"about":[{"href":"https:\/\/www.gymnasium-mariengarden.de\/wordpress\/wp-json\/wp\/v2\/types\/page"}],"author":[{"embeddable":true,"href":"https:\/\/www.gymnasium-mariengarden.de\/wordpress\/wp-json\/wp\/v2\/users\/21"}],"replies":[{"embeddable":true,"href":"https:\/\/www.gymnasium-mariengarden.de\/wordpress\/wp-json\/wp\/v2\/comments?post=15573"}],"version-history":[{"count":15,"href":"https:\/\/www.gymnasium-mariengarden.de\/wordpress\/wp-json\/wp\/v2\/pages\/15573\/revisions"}],"predecessor-version":[{"id":17091,"href":"https:\/\/www.gymnasium-mariengarden.de\/wordpress\/wp-json\/wp\/v2\/pages\/15573\/revisions\/17091"}],"wp:attachment":[{"href":"https:\/\/www.gymnasium-mariengarden.de\/wordpress\/wp-json\/wp\/v2\/media?parent=15573"}],"curies":[{"name":"wp","href":"https:\/\/api.w.org\/{rel}","templated":true}]}}