{"id":14522,"date":"2022-11-29T09:59:41","date_gmt":"2022-11-29T08:59:41","guid":{"rendered":"https:\/\/www.gymnasium-mariengarden.de\/?page_id=14522"},"modified":"2025-11-23T14:01:18","modified_gmt":"2025-11-23T13:01:18","slug":"vorstellung-schulsozialarbeit","status":"publish","type":"page","link":"https:\/\/www.gymnasium-mariengarden.de\/wordpress\/vorstellung-schulsozialarbeit\/","title":{"rendered":"Vorstellung Schulsozialarbeit"},"content":{"rendered":"\n<p>Mein Name ist Tina Krasenbrink, ich bin Sozialp\u00e4dagogin und seit September 2022 f\u00fcr die Schulsozialarbeit am Gymnasium Mariengarden zust\u00e4ndig. Als Schulsozialarbeiterin bin ich neutrale Ansprechpartnerin f\u00fcr inner- und au\u00dferschulische Angelegenheiten. Sprechen Sie \/ Sprecht mich gerne an! Ich freue mich auf die Arbeit.<\/p>\n\n\n\n<figure class=\"wp-block-image size-large\"><img loading=\"lazy\" decoding=\"async\" width=\"768\" height=\"1024\" src=\"https:\/\/www.gymnasium-mariengarden.de\/wordpress\/wp-content\/uploads\/2022\/11\/IMG_3749-768x1024.jpg\" alt=\"\" class=\"wp-image-14523\" srcset=\"https:\/\/www.gymnasium-mariengarden.de\/wordpress\/wp-content\/uploads\/2022\/11\/IMG_3749-768x1024.jpg 768w, https:\/\/www.gymnasium-mariengarden.de\/wordpress\/wp-content\/uploads\/2022\/11\/IMG_3749-225x300.jpg 225w, https:\/\/www.gymnasium-mariengarden.de\/wordpress\/wp-content\/uploads\/2022\/11\/IMG_3749-1152x1536.jpg 1152w, https:\/\/www.gymnasium-mariengarden.de\/wordpress\/wp-content\/uploads\/2022\/11\/IMG_3749-1536x2048.jpg 1536w, https:\/\/www.gymnasium-mariengarden.de\/wordpress\/wp-content\/uploads\/2022\/11\/IMG_3749-scaled.jpg 1920w\" sizes=\"auto, (max-width: 768px) 100vw, 768px\" \/><\/figure>\n\n\n\n<!--more-->\n\n\n\n<p><br><strong>Was ist Schulsozialarbeit?<\/strong><br>Schulsozialarbeit ist ein zus\u00e4tzliches, offenes Angebot an der Schule, welches Sch\u00fcler*innen, Eltern\/Erziehungsberechtigte und Lehrkr\u00e4fte freiwillig in Anspruch nehmen k\u00f6nnen. Sie hilft bei Schwierigkeiten und Problemen, die man nicht alleine bew\u00e4ltigen kann, und m\u00f6chte Kinder, Jugendliche und junge Erwachsene auf dem Weg der Pers\u00f6nlichkeitsentwicklung unterst\u00fctzen.<br>Die Schulsozialarbeiterin hat eine berufliche <strong>Schweigepflicht<\/strong>.<\/p>\n\n\n\n<p><strong>Was bietet Schulsoziarbeit?<\/strong><br>Sch\u00fcler*innen erhalten Hilfe, Unterst\u00fctzung und Beratung bei Problemen und Sorgen, die ihnen innerhalb des Schullebens und in schwierigen Lebensphasen begegnen. Auch wenn manche Themen nicht im direkten Zusammenhang mit der Schule stehen, wirken sie sich negativ auf den Schulalltag aus. Die Arbeit mit den Sch\u00fclerinnen und Sch\u00fclern erfolgt in Einzelberatung, Gruppenarbeit und Arbeit im Klassenverband. Auch pr\u00e4ventiv ist Schulsozialarbeit t\u00e4tig.<\/p>\n\n\n\n<p><br>Eltern erhalten bei Bedarf Unterst\u00fctzung in Erziehungsfragen und bei der Vermittlung zu anderen Hilfen, sowie Raum und Zeit f\u00fcr Beratung.<br>Und auch Lehrer*innen k\u00f6nnen sich mit Anliegen, Sorgen bzgl. Sch\u00fclerinnen und Schwierigkeiten an die Schulsozialarbeit wenden.<\/p>\n\n\n\n<p><strong>Kontakt \/ Erreichbarkeit<\/strong><br>Ich bin i. d. R. jeden Tag in der Schule. Erreichbar bin ich derzeit gut \u00fcber das Diensthandy unter <a href=\"tel:+491604619307&quot;\">0160 4619307<\/a>. Oder auch per <a href=\"mailto:krasenbrink@gymnasium-mariengarden.de\">Mail<\/a> oder \u00fcber den Teams-Chat.<\/p>\n","protected":false},"excerpt":{"rendered":"<p>Mein Name ist Tina Krasenbrink, ich bin Sozialp\u00e4dagogin und seit September 2022 f\u00fcr die Schulsozialarbeit am Gymnasium Mariengarden zust\u00e4ndig. Als Schulsozialarbeiterin bin ich neutrale Ansprechpartnerin f\u00fcr inner- und au\u00dferschulische Angelegenheiten. Sprechen Sie \/ Sprecht mich gerne an! Ich freue mich auf die Arbeit.<\/p>\n","protected":false},"author":4,"featured_media":0,"parent":0,"menu_order":0,"comment_status":"closed","ping_status":"open","template":"","meta":{"footnotes":""},"class_list":["post-14522","page","type-page","status-publish","hentry"],"yoast_head":"<!-- This site is optimized with the Yoast SEO plugin v27.3 - https:\/\/yoast.com\/product\/yoast-seo-wordpress\/ -->\n<title>Vorstellung Schulsozialarbeit - Gymnasium Mariengarden<\/title>\n<meta name=\"description\" content=\"Privates Gymnasium der Oblatenmissionare\" \/>\n<meta name=\"robots\" content=\"index, follow, max-snippet:-1, max-image-preview:large, max-video-preview:-1\" \/>\n<link rel=\"canonical\" href=\"https:\/\/www.gymnasium-mariengarden.de\/wordpress\/vorstellung-schulsozialarbeit\/\" \/>\n<meta property=\"og:locale\" content=\"de_DE\" \/>\n<meta property=\"og:type\" content=\"article\" \/>\n<meta property=\"og:title\" content=\"Vorstellung Schulsozialarbeit - Gymnasium Mariengarden\" \/>\n<meta property=\"og:description\" content=\"Privates Gymnasium der Oblatenmissionare\" \/>\n<meta property=\"og:url\" content=\"https:\/\/www.gymnasium-mariengarden.de\/wordpress\/vorstellung-schulsozialarbeit\/\" \/>\n<meta property=\"og:site_name\" content=\"Gymnasium Mariengarden\" \/>\n<meta property=\"article:publisher\" content=\"https:\/\/www.facebook.com\/groups\/38812342437\/?locale=de_DE\" \/>\n<meta property=\"article:modified_time\" content=\"2025-11-23T13:01:18+00:00\" \/>\n<meta property=\"og:image\" content=\"https:\/\/www.gymnasium-mariengarden.de\/wordpress\/wp-content\/uploads\/2022\/11\/IMG_3749-scaled.jpg\" \/>\n\t<meta property=\"og:image:width\" content=\"1920\" \/>\n\t<meta property=\"og:image:height\" content=\"2560\" \/>\n\t<meta property=\"og:image:type\" content=\"image\/jpeg\" \/>\n<meta name=\"twitter:card\" content=\"summary_large_image\" \/>\n<meta name=\"twitter:label1\" content=\"Gesch\u00e4tzte Lesezeit\" \/>\n\t<meta name=\"twitter:data1\" content=\"2\u00a0Minuten\" \/>\n<script type=\"application\/ld+json\" class=\"yoast-schema-graph\">{\"@context\":\"https:\\\/\\\/schema.org\",\"@graph\":[{\"@type\":\"WebPage\",\"@id\":\"https:\\\/\\\/www.gymnasium-mariengarden.de\\\/wordpress\\\/vorstellung-schulsozialarbeit\\\/\",\"url\":\"https:\\\/\\\/www.gymnasium-mariengarden.de\\\/wordpress\\\/vorstellung-schulsozialarbeit\\\/\",\"name\":\"Vorstellung Schulsozialarbeit - Gymnasium Mariengarden\",\"isPartOf\":{\"@id\":\"https:\\\/\\\/www.gymnasium-mariengarden.de\\\/wordpress\\\/#website\"},\"primaryImageOfPage\":{\"@id\":\"https:\\\/\\\/www.gymnasium-mariengarden.de\\\/wordpress\\\/vorstellung-schulsozialarbeit\\\/#primaryimage\"},\"image\":{\"@id\":\"https:\\\/\\\/www.gymnasium-mariengarden.de\\\/wordpress\\\/vorstellung-schulsozialarbeit\\\/#primaryimage\"},\"thumbnailUrl\":\"https:\\\/\\\/www.gymnasium-mariengarden.de\\\/wordpress\\\/wp-content\\\/uploads\\\/2022\\\/11\\\/IMG_3749-768x1024.jpg\",\"datePublished\":\"2022-11-29T08:59:41+00:00\",\"dateModified\":\"2025-11-23T13:01:18+00:00\",\"description\":\"Privates Gymnasium der Oblatenmissionare\",\"breadcrumb\":{\"@id\":\"https:\\\/\\\/www.gymnasium-mariengarden.de\\\/wordpress\\\/vorstellung-schulsozialarbeit\\\/#breadcrumb\"},\"inLanguage\":\"de\",\"potentialAction\":[{\"@type\":\"ReadAction\",\"target\":[\"https:\\\/\\\/www.gymnasium-mariengarden.de\\\/wordpress\\\/vorstellung-schulsozialarbeit\\\/\"]}]},{\"@type\":\"ImageObject\",\"inLanguage\":\"de\",\"@id\":\"https:\\\/\\\/www.gymnasium-mariengarden.de\\\/wordpress\\\/vorstellung-schulsozialarbeit\\\/#primaryimage\",\"url\":\"https:\\\/\\\/www.gymnasium-mariengarden.de\\\/wordpress\\\/wp-content\\\/uploads\\\/2022\\\/11\\\/IMG_3749-scaled.jpg\",\"contentUrl\":\"https:\\\/\\\/www.gymnasium-mariengarden.de\\\/wordpress\\\/wp-content\\\/uploads\\\/2022\\\/11\\\/IMG_3749-scaled.jpg\",\"width\":1920,\"height\":2560},{\"@type\":\"BreadcrumbList\",\"@id\":\"https:\\\/\\\/www.gymnasium-mariengarden.de\\\/wordpress\\\/vorstellung-schulsozialarbeit\\\/#breadcrumb\",\"itemListElement\":[{\"@type\":\"ListItem\",\"position\":1,\"name\":\"Startseite\",\"item\":\"https:\\\/\\\/www.gymnasium-mariengarden.de\\\/wordpress\\\/\"},{\"@type\":\"ListItem\",\"position\":2,\"name\":\"Vorstellung Schulsozialarbeit\"}]},{\"@type\":\"WebSite\",\"@id\":\"https:\\\/\\\/www.gymnasium-mariengarden.de\\\/wordpress\\\/#website\",\"url\":\"https:\\\/\\\/www.gymnasium-mariengarden.de\\\/wordpress\\\/\",\"name\":\"Gymnasium Mariengarden\",\"description\":\"Privates Gymnasium der Oblatenmissionare\",\"alternateName\":\"Gymnasium Mariengarden Borken-Burlo\",\"potentialAction\":[{\"@type\":\"SearchAction\",\"target\":{\"@type\":\"EntryPoint\",\"urlTemplate\":\"https:\\\/\\\/www.gymnasium-mariengarden.de\\\/wordpress\\\/?s={search_term_string}\"},\"query-input\":{\"@type\":\"PropertyValueSpecification\",\"valueRequired\":true,\"valueName\":\"search_term_string\"}}],\"inLanguage\":\"de\"}]}<\/script>\n<!-- \/ Yoast SEO plugin. -->","yoast_head_json":{"title":"Vorstellung Schulsozialarbeit - Gymnasium Mariengarden","description":"Privates Gymnasium der Oblatenmissionare","robots":{"index":"index","follow":"follow","max-snippet":"max-snippet:-1","max-image-preview":"max-image-preview:large","max-video-preview":"max-video-preview:-1"},"canonical":"https:\/\/www.gymnasium-mariengarden.de\/wordpress\/vorstellung-schulsozialarbeit\/","og_locale":"de_DE","og_type":"article","og_title":"Vorstellung Schulsozialarbeit - Gymnasium Mariengarden","og_description":"Privates Gymnasium der Oblatenmissionare","og_url":"https:\/\/www.gymnasium-mariengarden.de\/wordpress\/vorstellung-schulsozialarbeit\/","og_site_name":"Gymnasium Mariengarden","article_publisher":"https:\/\/www.facebook.com\/groups\/38812342437\/?locale=de_DE","article_modified_time":"2025-11-23T13:01:18+00:00","og_image":[{"width":1920,"height":2560,"url":"https:\/\/www.gymnasium-mariengarden.de\/wordpress\/wp-content\/uploads\/2022\/11\/IMG_3749-scaled.jpg","type":"image\/jpeg"}],"twitter_card":"summary_large_image","twitter_misc":{"Gesch\u00e4tzte Lesezeit":"2\u00a0Minuten"},"schema":{"@context":"https:\/\/schema.org","@graph":[{"@type":"WebPage","@id":"https:\/\/www.gymnasium-mariengarden.de\/wordpress\/vorstellung-schulsozialarbeit\/","url":"https:\/\/www.gymnasium-mariengarden.de\/wordpress\/vorstellung-schulsozialarbeit\/","name":"Vorstellung Schulsozialarbeit - Gymnasium Mariengarden","isPartOf":{"@id":"https:\/\/www.gymnasium-mariengarden.de\/wordpress\/#website"},"primaryImageOfPage":{"@id":"https:\/\/www.gymnasium-mariengarden.de\/wordpress\/vorstellung-schulsozialarbeit\/#primaryimage"},"image":{"@id":"https:\/\/www.gymnasium-mariengarden.de\/wordpress\/vorstellung-schulsozialarbeit\/#primaryimage"},"thumbnailUrl":"https:\/\/www.gymnasium-mariengarden.de\/wordpress\/wp-content\/uploads\/2022\/11\/IMG_3749-768x1024.jpg","datePublished":"2022-11-29T08:59:41+00:00","dateModified":"2025-11-23T13:01:18+00:00","description":"Privates Gymnasium der Oblatenmissionare","breadcrumb":{"@id":"https:\/\/www.gymnasium-mariengarden.de\/wordpress\/vorstellung-schulsozialarbeit\/#breadcrumb"},"inLanguage":"de","potentialAction":[{"@type":"ReadAction","target":["https:\/\/www.gymnasium-mariengarden.de\/wordpress\/vorstellung-schulsozialarbeit\/"]}]},{"@type":"ImageObject","inLanguage":"de","@id":"https:\/\/www.gymnasium-mariengarden.de\/wordpress\/vorstellung-schulsozialarbeit\/#primaryimage","url":"https:\/\/www.gymnasium-mariengarden.de\/wordpress\/wp-content\/uploads\/2022\/11\/IMG_3749-scaled.jpg","contentUrl":"https:\/\/www.gymnasium-mariengarden.de\/wordpress\/wp-content\/uploads\/2022\/11\/IMG_3749-scaled.jpg","width":1920,"height":2560},{"@type":"BreadcrumbList","@id":"https:\/\/www.gymnasium-mariengarden.de\/wordpress\/vorstellung-schulsozialarbeit\/#breadcrumb","itemListElement":[{"@type":"ListItem","position":1,"name":"Startseite","item":"https:\/\/www.gymnasium-mariengarden.de\/wordpress\/"},{"@type":"ListItem","position":2,"name":"Vorstellung Schulsozialarbeit"}]},{"@type":"WebSite","@id":"https:\/\/www.gymnasium-mariengarden.de\/wordpress\/#website","url":"https:\/\/www.gymnasium-mariengarden.de\/wordpress\/","name":"Gymnasium Mariengarden","description":"Privates Gymnasium der Oblatenmissionare","alternateName":"Gymnasium Mariengarden Borken-Burlo","potentialAction":[{"@type":"SearchAction","target":{"@type":"EntryPoint","urlTemplate":"https:\/\/www.gymnasium-mariengarden.de\/wordpress\/?s={search_term_string}"},"query-input":{"@type":"PropertyValueSpecification","valueRequired":true,"valueName":"search_term_string"}}],"inLanguage":"de"}]}},"_links":{"self":[{"href":"https:\/\/www.gymnasium-mariengarden.de\/wordpress\/wp-json\/wp\/v2\/pages\/14522","targetHints":{"allow":["GET"]}}],"collection":[{"href":"https:\/\/www.gymnasium-mariengarden.de\/wordpress\/wp-json\/wp\/v2\/pages"}],"about":[{"href":"https:\/\/www.gymnasium-mariengarden.de\/wordpress\/wp-json\/wp\/v2\/types\/page"}],"author":[{"embeddable":true,"href":"https:\/\/www.gymnasium-mariengarden.de\/wordpress\/wp-json\/wp\/v2\/users\/4"}],"replies":[{"embeddable":true,"href":"https:\/\/www.gymnasium-mariengarden.de\/wordpress\/wp-json\/wp\/v2\/comments?post=14522"}],"version-history":[{"count":5,"href":"https:\/\/www.gymnasium-mariengarden.de\/wordpress\/wp-json\/wp\/v2\/pages\/14522\/revisions"}],"predecessor-version":[{"id":16749,"href":"https:\/\/www.gymnasium-mariengarden.de\/wordpress\/wp-json\/wp\/v2\/pages\/14522\/revisions\/16749"}],"wp:attachment":[{"href":"https:\/\/www.gymnasium-mariengarden.de\/wordpress\/wp-json\/wp\/v2\/media?parent=14522"}],"curies":[{"name":"wp","href":"https:\/\/api.w.org\/{rel}","templated":true}]}}